-r**2 - 427*r + 319848. Give z(391).
10
Let v(w) = -49*w**2 - 190*w - 952. Give v(-5).
-1227
Let f(s) = -279197*s + 1395907. Determine f(5).
-78
Let d(y) = -121*y + 15474. What is d(126)?
228
Let i(r) = -1039*r - 61984. Determine i(-60).
356
Let v(f) = -2*f**2 - 22598*f - 180742. What is v(-8)?
-86
Let p(a) = 294*a**2 + 1094*a + 21. Give p(-4).
349
Let c(q) = 2*q**3 - 60*q**2 + 280*q - 6426. Determine c(29).
12
Let z(w) = -46036*w - 4971895. What is z(-108)?
-7
Let u(y) = -96998*y - 7565838. What is u(-78)?
6
Let h(v) = -3*v**2 - 1046*v + 87966. Calculate h(70).
46
Let l(z) = -806*z**2 - 3875*z + 777. Give l(-5).
2
Let p(i) = -8*i**2 - 69*i - 425. Determine p(-7).
-334
Let o(p) = 4047*p + 1606651. Calculate o(-397).
-8
Let q(u) = 1342*u + 252284. What is q(-188)?
-12
Let s(w) = -69*w - 11268. What is s(-163)?
-21
Let s(z) = 4*z**3 - 2712*z**2 - 21735*z - 34. Determine s(-8).
-1770
Let r(q) = -q**3 - 14*q**2 + 10202*q + 172674. Give r(-17).
107
Let h(z) = 960*z + 2792. Give h(-3).
-88
Let z(m) = -3*m**3 + 150*m**2 + 3*m + 7657. What is z(51)?
7
Let u(f) = -5*f**3 + 286*f**2 - 115*f + 3387. Give u(57).
81
Let c(h) = 104*h + 5282. What is c(-82)?
-3246
Let u(t) = -t**3 - 17*t**2 - 58*t - 259. Calculate u(-13).
-181
Let t(q) = -746*q - 109581. Give t(-147).
81
Let g(p) = -2*p**3 - 52*p**2 - 63*p - 304. Calculate g(-25).
21
Let j(g) = -115*g + 11107. Give j(97).
-48
Let b(l) = -198770*l - 9540958. Calculate b(-48).
2
Let r(n) = 1861*n - 1339918. What is r(720)?
2
Let o(t) = 18*t**3 - 218*t**2 + 357*t - 3981. Determine o(12).
15
Let c(v) = -8*v**2 + 631*v + 931. Determine c(81).
-446
Let k(z) = -629684*z - 7556217. Calculate k(-12).
-9
Let k(d) = -50*d**3 - 4*d**2 - 68*d - 68. Calculate k(-1).
46
Let t(m) = m**3 + 69*m**2 - 106*m + 2653. Determine t(-71).
97
Let y(q) = 11*q**3 + 26*q**2 - 7*q + 146. Give y(-6).
-1252
Let v(f) = -4*f**2 + 9*f + 233. Determine v(13).
-326
Let s(w) = 26*w**3 + w**2 - 239*w + 237. What is s(1)?
25
Let k(o) = -1159*o + 6968. Determine k(6).
14
Let r(s) = -s**3 + 48*s**2 + 316*s + 6. Give r(54).
-426
Let b(a) = -36*a**2 + 4264*a - 4261. Determine b(1).
-33
Let n(s) = 2070*s + 32800. Determine n(-15).
1750
Let k(n) = -544*n + 16330. Calculate k(30).
10
Let s(q) = q**2 - 149209*q - 746072. Determine s(-5).
-2
Let a(j) = -2*j**3 + 114*j**2 - 331*j + 384. Determine a(54).
6
Let n(i) = i**3 - 623*i**2 + 81786*i - 1125. Determine n(188).
3
Let k(b) = b**2 + 5561*b + 165868. Calculate k(-30).
-62
Let s(a) = 497*a - 4933. Determine s(10).
37
Let b(n) = -1589*n**2 + 7946*n + 14. What is b(5)?
19
Let g(m) = 8919*m - 187470. Give g(21).
-171
Let p(z) = 6030*z + 18028. Calculate p(-3).
-62
Let r(y) = -6834*y - 6737. Determine r(-1).
97
Let j(d) = -4*d**2 + 1087*d - 62239. Give j(82).
-1
Let h(d) = 13*d**2 + 1445*d + 262. Give h(-111).
40
Let d(f) = 37*f**2 + 111*f + 538. What is d(-5)?
908
Let a(h) = -5723*h + 65181. Give a(11).
2228
Let t(o) = -573*o**3 + 70485*o**2 - 740*o + 253. Calculate t(123).
7
Let r(z) = -10*z**3 + 2249*z**2 + 233*z - 1304. Give r(225).
496
Let y(x) = 118025*x - 2714605. What is y(23)?
-30
Let z(d) = 137860*d - 827058. Give z(6).
102
Let r(o) = o**3 + 281*o**2 - 82350*o - 4546. Determine r(-460).
54
Let p(d) = -202*d - 169. Calculate p(-6).
1043
Let y(p) = -964*p - 18344. Give y(-18).
-992
Let t(b) = -3*b**3 + 55*b**2 + 10667*b - 192338. Give t(18).
-8
Let n(z) = -7*z**2 - 257*z - 155. Give n(-37).
-229
Let m(k) = -6*k**3 - 85*k**2 + 281*k - 5143. Calculate m(-19).
-13
Let p(i) = -24*i**2 - 2*i + 26. Give p(5).
-584
Let n(z) = -669*z**2 - 20067*z - 45. Calculate n(-30).
-135
Let b(g) = -86*g**2 + 2114*g - 18942. Determine b(9).
-6882
Let i(d) = 166*d**2 + 1006*d - 1. Determine i(-6).
-61
Let n(m) = 19*m**3 - 42*m**2 - 2*m - 123. Determine n(0).
-123
Let b(i) = 3*i**2 - 32318*i + 258351. Determine b(8).
-1
Let c(k) = 2*k**3 - 519*k**2 + 6642*k - 386. Give c(246).
-386
Let h(g) = -3686*g + 15254. Give h(4).
510
Let m(u) = 18*u**2 - 181*u - 523. Calculate m(-6).
1211
Let f(o) = 2867*o + 12348. What is f(-4)?
880
Let d(l) = 21976*l - 307692. Calculate d(14).
-28
Let c(u) = -201*u - 6084. Give c(-51).
4167
Let o(v) = 8165*v - 759338. Calculate o(93).
7
Let p(d) = 2*d**3 - 87*d**2 + 364*d - 39. Determine p(38).
-2091
Let v(k) = -1546*k**2 + 173155*k - 342. What is v(112)?
-6
Let g(q) = q**2 - 58*q + 115. Calculate g(75).
1390
Let r(n) = 24*n**2 + 274*n - 127. Determine r(-10).
-467
Let j(d) = 1480*d**2 + 9186*d + 24. Calculate j(-6).
-1812
Let o(m) = 429*m + 2059. What is o(-4)?
343
Let m(a) = 2*a**2 - 1311*a + 22917. Determine m(18).
-33
Let k(j) = -42*j + 734. Calculate k(8).
398
Let r(h) = 18*h**3 - h**2 + 88*h + 88. Determine r(-1).
-19
Let x(p) = 159*p + 13576. Give x(-83).
379
Let x(f) = f**2 + 2866*f + 1957396. Calculate x(-1123).
7
Let p(h) = h**2 + 77*h + 611. Calculate p(-7).
121
Let s(r) = r**3 + 56*r**2 + 491*r - 182. Give s(-45).
-2
Let v(c) = 30*c**2 + 9582*c - 9566. Determine v(1).
46
Let u(l) = -40*l**2 + 232*l - 11. Calculate u(0).
-11
Let w(a) = a**3 - 81*a**2 + 1045*a - 374. Give w(65).
-49
Let t(o) = -42*o**2 + 1263*o + 2523. Give t(-2).
-171
Let k(q) = 1271*q + 8867. Give k(-7).
-30
Let z(d) = 196*d**2 + 29010*d + 312. Calculate z(-148).
16
Let b(i) = -100*i + 13512. Determine b(135).
12
Let h(s) = s**2 + 231*s - 39995. Calculate h(116).
257
Let u(y) = -291*y + 2137. What is u(6)?
391
Let m(u) = 10581*u - 95106. What is m(9)?
123
Let y(x) = 41855*x - 42591. Determine y(1).
-736
Let y(s) = -2*s**2 + 1024*s + 23818. Calculate y(-22).
322
Let x(t) = 994*t + 173947. Calculate x(-175).
-3
Let o(b) = -539*b + 5883. Calculate o(12).
-585
Let p(c) = -10*c + 1100. Give p(-2).
1120
Let i(n) = -5*n**3 + 18*n**2 + 75*n - 37. What is i(-4)?
271
Let p(x) = -x**2 - 64*x - 188. Determine p(-25).
787
Let j(y) = -y**3 + 40*y**2 + 82*y + 619. What is j(42)?
535
Let n(w) = -443257*w - 4875830. Calculate n(-11).
-3
Let j(p) = -53796*p + 699332. Calculate j(13).
-16
Let j(o) = -12887*o - 154635. Give j(-12).
9
Let n(j) = j**3 + 54*j**2 + 432*j - 37. Give n(-44).
315
Let v(y) = y**3 - 13*y**2 - 135*y + 1747. Calculate v(12).
-17
Let k(y) = 2*y**2 - 114*y + 148. What is k(56)?
36
Let g(i) = -1251*i + 95101. What is g(76)?
25
Let c(r) = r**2 - 187*r + 8026. Give c(121).
40
Let k(x) = 30801*x + 5574974. Give k(-181).
-7
Let s(t) = 3*t**2 + 397*t - 293. What is s(-132)?
-425
Let g(l) = 2*l**3 - 5*l**2 + 128799*l - 386404. Give g(3).
2
Let v(b) = 9*b**3 + 56*b**2 - 60*b - 82. Calculate v(-7).
-5
Let s(j) = -95*j**2 + 49908*j - 49906. What is s(1)?
-93
Let h(u) = -44*u**2 - 799*u + 1633. Determine h(-20).
13
Let y(n) = 2*n**3 - 93*n**2 + 53*n + 1849. Give y(-4).
21
Let u(p) = 180*p - 8972. Calculate u(59).
1648
Let k(s) = -s**3 - 603*s**2 - 78017*s + 1277. Calculate k(-415).
32
Let s(z) = z**3 + 77*z**2 + 1421*z - 204. Give s(-47).
-721
Let n(v) = 124*v + 3258. What is n(-26)?
34
Let d(y) = y**3 + 6*y**2 - 1508*y - 11941. What is d(-8)?
-5
Let p(r) = 6*r**3 - 146*r**2 + 666*r - 45. Give p(6).
-9
Let w(y) = 29906*y + 209340. Give w(-7).
-2
Let b(f) = 539*f + 123431. Give b(-229).
0
Let g(f) = -f**2 - 111*f + 9158. Calculate g(50).
1108
Let l(u) = 490651*u + 4906494. Give l(-10).
-16
Let l(b) = 11681*b + 11694. Determine l(-1).
13
Let r(z) = -5*z**2 + 1517*z - 113325. Give r(133).
-9
Let x(p) = -p**2 - 2751*p + 52666. Calculate x(19).
36
Let o(k) = 132*k - 11836. Determine o(78).
-1540
Let w(h) = h**3 + 43*h**2 - 89*h + 170. What is w(-45)?
125
Let p(r) = -6576*r + 710243. Determine p(108).
35
Let l(s) = -4*s**3 - 31*s**2 - 249*s - 1572. Determine l(-7).
24
Let v(q) = -8*q**3 + 168*q**2 - 505*q + 10637. Determine v(21).
32
Let i(w) = 362*w**2 - 4729*w - 30. Determine i(13).
-329
Let n(j) = 4881694*j + 19526791. Calculate n(-4).
15
Let b(q) = 21*q**2 + 385*q - 64. Determine b(-12).
-1660
Let g(w) = -10*w**2 + 389*w - 3082. Give g(10).
-192
Let m(q) = q**2 + 239*q - 25542. What is m(-320)?
378
Let k(r) = -51*r**2 - 4898*r - 109. Determine k(-96).
83
Let j(t) = -375465*t + 2628297. Calculate j(7).
42
Let n(w) = w**3 - 12*w**2 + 9*w - 50. What is n(6)?
-212
Let l(x) = -437*x**2 + 4788*x + 4. Give l(11).
-205
Let f(s) = -66776*s - 801307. Calculate f(-12).
5
Let a(f) = -f**3 + 1572*f**2 - 21800*f - 180. What is a(14)?
-12
Le